 8*k + 11. Let z be u(-8). Calculate the greatest common divisor of f and z.
11
Let c be (6/(-9))/(8/(-132)). Calculate the greatest common factor of 33 and c.
11
Suppose 43*d - 48*d = -340. What is the highest common divisor of d and 17?
17
Suppose f = -20 + 80. Suppose 1 = -3*q + 10, 4*b + 2*q = 66. What is the highest common factor of f and b?
15
Let w(d) = -d**2 - 2*d + 5. Let q be w(-4). Let l = 7 + q. Let m be ((-6)/l)/(3/(-4)). What is the greatest common divisor of 4 and m?
2
Suppose 5*o - 35 = -10. Suppose -2*l = -17 - o. What is the highest common divisor of 11 and l?
11
Suppose 3*h - 45 = 2*h + 3*b, 5*h - 3*b - 261 = 0. What is the highest common divisor of h and 81?
27
Suppose 2*r + c = 52, 8*r - 4*r - 124 = 3*c. Calculate the greatest common divisor of 70 and r.
14
Let k = 110 + -105. Let t be 19/2 - 2/(-4). What is the greatest common divisor of k and t?
5
Let i = -1 + 1. Suppose -262 - 438 = -2*j. Suppose i = -4*u - u + j. What is the highest common divisor of u and 28?
14
Let v = 51 + -18. Let g(c) = 2*c - 7. Let l be g(5). What is the greatest common divisor of l and v?
3
Let l = 0 - -4. Suppose l*n - 15 = -n. Calculate the greatest common factor of 3 and n.
3
Let j be 106/13 - (-10)/(-65). What is the greatest common divisor of j and 8?
8
Let t be (-86)/(-10) + 6/15. Let n = t + -4. Suppose -b + m + 65 = 0, -7*b = -2*b + n*m - 305. What is the greatest common divisor of 9 and b?
9
Let l(g) = -7*g**2 + 6*g - 2. Let m(h) = 3*h - 2. Let a be m(2). Let i be l(a). Let b = i - -167. Calculate the highest common divisor of 11 and b.
11
Let b = -86 - -121. What is the greatest common factor of b and 175?
35
Let k = -7 + 0. Let d = 43 + k. Suppose d = 4*p - 0*o - o, 0 = p + 5*o + 12. Calculate the highest common divisor of 16 and p.
8
Let k(p) = 2*p. Let c be k(6). Let j(w) = 73*w + 1. Let u be j(4). Suppose 4*n = u + 91. What is the greatest common factor of c and n?
12
Let x(w) = w**3 + 5*w**2 + w - 4. Let a be x(-4). Suppose -a*d + 4*d = 0. Let o be ((1 - d) + -3)*-18. Calculate the greatest common factor of o and 24.
12
Let z(v) = -9*v**2 - 9*v + 19. Let y(h) = -5*h**2 - 5*h + 10. Let s(l) = 7*y(l) - 4*z(l). Let a be s(-6). What is the highest common divisor of a and 16?
8
Let o = 16 - 12. Suppose d - 2*a = 62, 0 = 5*d - o*a + 6 - 322. Calculate the highest common factor of d and 8.
8
Suppose -10*s = -6*s - 320. Suppose 4*l = 9*l - s. Calculate the greatest common factor of 40 and l.
8
Suppose 14*j - 8*j - 108 = 0. What is the highest common factor of 54 and j?
18
Suppose m - 5 - 8 = 0. Suppose m = -0*s + s. Calculate the highest common divisor of s and 13.
13
Let b be -1 - ((0 - -2) + -58). Let n = -81 - -92. What is the highest common factor of b and n?
11
Let d = 10 + 0. Let z be 10/3 + 6/9. Suppose 67 + 103 = 2*w - 2*r, -r - 325 = -z*w. Calculate the highest common factor of d and w.
10
Let a(j) = 2*j + 10. Let t be a(-5). Let y(w) = -w**2 + 33. Let f be y(t). What is the greatest common divisor of 22 and f?
11
Let b = -1 + 1. Let d = b + -2. Let u be (-4)/(d - -4) - -10. What is the highest common factor of u and 40?
8
Suppose 0*u + 291 = -3*u. Let f be 4/((-4)/u) - 1. Calculate the highest common factor of f and 12.
12
Let z(y) = -y - 5. Let w be z(-3). Let d be (-260)/(-12) - w/6. Suppose 3*n + 0*n = 33. What is the greatest common factor of d and n?
11
Let d = 410 - 226. Let y be (3/2)/((-18)/(-48)). Suppose -3*p + d = -3*w + w, 0 = y*p - 3*w - 246. What is the greatest common factor of p and 12?
12
Suppose -5*v - 215 = -5*b - 10, 5*b + 4*v - 178 = 0. Suppose 3*s - 40 = b. Let o(h) = 66*h**2 - 1. Let a be o(1). What is the highest common factor of s and a?
13
Let w = -136 - -325. Let f(l) = 2*l**2 - 5*l - 4. Let q be f(5). Calculate the highest common factor of q and w.
21
Let y(x) = -x - 2. Let q be y(-6). Let o(n) = n**2 + n + 28. Let r be o(0). What is the greatest common divisor of r and q?
4
Let j be (-297)/(-13) - (-8)/52. Calculate the greatest common factor of j and 161.
23
Let w be 15 + -2 + 3 + 0. Calculate the highest common divisor of w and 128.
16
Let y = 1 + -13. Let b be 3*y/9 - -7. Calculate the greatest common divisor of 12 and b.
3
Let o(y) = -35*y - 3. Let g(n) = 12*n + 1. Let z(m) = -8*g(m) - 3*o(m). Let q = -4 + 7. Let v be z(q). What is the greatest common divisor of v and 4?
4
Suppose 0 = -2*h + 5*h - 129. Suppose -5*z + 8 = -2, 5*d - h = z. Let y be 8/(-36) + 20/d. What is the highest common divisor of 3 and y?
1
Let x(k) = -k**2 - 24*k + 44. Let q be x(-25). Calculate the highest common divisor of 95 and q.
19
Let p be ((-2)/4)/((-3)/(-12)). Let c be ((-4)/(-6))/(p/(-24)). Let u be 8/12*15*2. What is the greatest common factor of u and c?
4
Suppose 5*t + 4*g = 32, 40 = 4*t - 0*t - 4*g. Let f = -5 + 14. Let q be f/(9/3) - -5. Calculate the highest common factor of t and q.
8
Suppose -5*x = -g - 175, 4*x - 86 = 3*g + 54. Let u be (-2)/(-6) - 188/6. Let o = u - -45. Calculate the greatest common factor of o and x.
7
Suppose 3*t - k = -55 + 374, 5*t = 4*k + 520. What is the greatest common divisor of 27 and t?
27
Suppose -4*a - 148 = 5*f, f + 3*a + 32 = a. Let j be 11/(1 + 26/f). Let h = -10 - -24. Calculate the highest common divisor of h and j.
14
Let l be (-2)/(-3) + (-4)/6. Suppose l*v = -n - 5*v + 23, -4*n = -2*v - 70. Suppose 0 = 3*m - n - 18. Calculate the greatest common factor of m and 30.
6
Suppose 3*x - 10 = -64. Let v = x + 35. Suppose 13 + v = 2*r. Calculate the highest common factor of 15 and r.
15
Let p = 160 + -86. Calculate the highest common factor of 2 and p.
2
Suppose 179 = 4*j + 35. Calculate the highest common factor of 126 and j.
18
Let i(l) = -l**2 + 19*l + 6. Let c be i(15). What is the greatest common divisor of 22 and c?
22
Suppose -3*l = -2*l - 55. Let w = 8 + -4. Suppose 28 = w*x + 4*f, f + 14 = 4*x - 2*f. Calculate the greatest common factor of x and l.
5
Let g = 30 + -3. Suppose k + 10*v - 20 = 5*v, -3*k + 2*v = -94. Suppose 4*f + f - 3*i = k, 4*i = -2*f + 38. What is the highest common factor of g and f?
9
Let s = -5 - -8. Let q be 2/(-4)*(-18)/s. Suppose -q*d + 5*t + 12 = 0, -3*d + 16 = 4*t + 4. What is the highest common factor of d and 36?
4
Let v = 35 + -24. Let o = 110 - 33. What is the greatest common divisor of o and v?
11
Suppose -3*p + 401 = x, -7*p + 5*x + 560 = -3*p. What is the greatest common factor of p and 54?
27
Let r = -3 + 28. Let q = r + -22. Calculate the greatest common factor of q and 3.
3
Let h(s) = -s**2 + 9*s + 10. Let u be h(7). Let i be u/2*(2 - 1). Calculate the highest common divisor of i and 3.
3
Let k = 41 + -39. What is the greatest common factor of 22 and k?
2
Suppose 4*g = 44 + 12. Suppose 2*a + 252 = p, 0 = -a + 2*a - 4*p + 140. Let r = a + 222. What is the greatest common factor of g and r?
14
Let c(k) = 4*k - 15. Let v be c(10). What is the greatest common factor of v and 10?
5
Suppose 3*m + m - 36 = -f, -3*m = f - 36. Suppose 2*s = 6*s - f. Calculate the highest common factor of s and 6.
3
Suppose -2*b = b - 48. Suppose -11 = -2*p + 5. What is the highest common divisor of p and b?
8
Let j be 10/(-45) + (-276)/(-27). What is the highest common factor of 25 and j?
5
Let u be 3 - (-12 + 4 + -1). Suppose 6 = x - 4. Suppose 5*r - 20 = x. Calculate the highest common factor of r and u.
6
Suppose -y = -2*k - k + 45, -k + 4 = -4*y. Calculate the highest common factor of k and 240.
16
Let l be (15/10)/3*12. What is the greatest common divisor of l and 42?
6
Suppose 3*t - 5*t = -338. What is the greatest common divisor of 13 and t?
13
Let l be (66/(-14) + 3)/((-4)/70). Calculate the highest common divisor of l and 210.
30
Let z(o) = o + 19. Let l be z(-18). What is the greatest common divisor of l and 3?
1
Suppose 98 = -163*j + 165*j. What is the greatest common factor of 7 and j?
7
Suppose 0 = -v + 4*q + 126, -4*q - 458 = -3*v - 72. Let h(b) = 2*b - 8. Let a be h(6). Suppose v = a*f - 150. Calculate the highest common divisor of f and 28.
14
Let t(g) = -g**3 + 9*g**2 - 7*g - 4. Let n be t(8). Suppose -x = n*x - 270. What is the greatest common factor of 36 and x?
18
Let t be 2/(-13) - 1416/(-78). Let m = t - 8. What is the greatest common divisor of m and 40?
10
Suppose 60 = 24*n - 14*n. Calculate the greatest common divisor of n and 6.